 + w + 3*q = s, 0 = 4*w - 4*q - 48. List the prime factors of w.
2
Let s(u) = 2*u**3 + 5*u**2 - 60*u - 6. What are the prime factors of s(9)?
3, 439
Let u(x) = -2*x**2 + 17*x - 2. What are the prime factors of u(7)?
19
Suppose g + 8 = 6. Let d(z) = -15*z**3 + z**2 + 2*z + 8. List the prime factors of d(g).
2
Suppose -d = -6*d, -j - 2*d = -36. Suppose 1 = -5*z - 69. Let h = z + j. What are the prime factors of h?
2, 11
Suppose -y - 2*y = 3*u, y = -5. Suppose q - 40 = u*q. Let n = 20 + q. List the prime factors of n.
2, 5
Suppose 0 = 5*s + x - 30, -3*s + 1 = x - 19. Suppose 0 = 5*d - 3*a - 445, 307 = s*d - 4*a - 138. What are the prime factors of d?
89
Let r(q) = q**3 - 16*q**2 + 23*q - 4. List the prime factors of r(15).
2, 29
Let n = 4256 - 2449. What are the prime factors of n?
13, 139
Let a(q) = -q**2 + 4*q + 1. Let i be a(3). Let c(o) = 2*o - 6. Let f be c(i). Suppose 0 = -2*b + 2, -4*b + 24 = f*k + 3*k. What are the prime factors of k?
2
Suppose 0 = 3*t + 4*s - 59, 0 = -3*t + s + 2*s + 24. Let w = -13 + t. Suppose -4*a - 2*o + w*o = -54, o + 25 = 2*a. What are the prime factors of a?
13
Let y be 0 - 4/(-12)*0. Suppose y = p - 11 - 10. Suppose p = 3*g - 2*g. List the prime factors of g.
3, 7
Let y(v) = 5*v**2 + v + 3. Let d be y(3). Suppose -901 = -25*h + 1249. Let l = h - d. List the prime factors of l.
5, 7
Suppose -165378 = -116*a + 73*a. What are the prime factors of a?
2, 3, 641
Suppose 3*h = 18*h - 21750. What are the prime factors of h?
2, 5, 29
Let p = -31 - -35. What are the prime factors of -3*(6 - 0)*(-26)/p?
3, 13
Suppose -2*y + 0*r + r - 34 = 0, 0 = -5*r. What are the prime factors of y/((-78)/170 - (-28)/70)?
17
Let i = 14 - 12. Let r(x) = -8 - 4*x - i + 8*x. List the prime factors of r(13).
2, 3, 7
Suppose -5*s = -g + 206, -153 = 3*g - 2*s - 836. What are the prime factors of g?
3, 7, 11
Suppose 6*q = 33 - 9. Suppose b = -3*p + 199, b + q*p = -b + 402. What are the prime factors of b?
5, 41
Suppose 684 = -767*p + 770*p. List the prime factors of p.
2, 3, 19
Suppose 11 = l - 5*l - 3*k, -3*l - 9 = 3*k. Let j(n) = -28*n + 4. Let d be j(l). Suppose -2*b = 2*b - d. What are the prime factors of b?
3, 5
Suppose 9*z - 2*z = 6188. List the prime factors of z/10 + 3 + (-34)/10.
2, 11
Let g = -34 + 52. Suppose b - g = 18. Suppose 5*o - 44 = m, -2*o + m = -4*m - b. What are the prime factors of o?
2
Let r = 3539 - -1642. What are the prime factors of r?
3, 11, 157
Suppose 0 = -i - 1 + 3. Suppose i*m - 32 = 6*m. List the prime factors of (3 - 5)/(-2) - m.
3
Suppose -3*x + 11792 = 2*i + 2*x, -i - 5*x = -5901. List the prime factors of i.
43, 137
Let i = 67 + -57. What are the prime factors of (2 + 0)*375/i?
3, 5
Suppose -2*p + 190 = 256. Let w(x) = 8*x**2 + 3*x + 4. Let t be w(3). Let d = p + t. List the prime factors of d.
2, 13
Let s = -1442 + 2389. What are the prime factors of s?
947
Let g(w) be the first derivative of w**4/4 - 2*w**3/3 - w**2 + 10*w - 4. List the prime factors of g(4).
2, 17
Suppose 4 = -8*n + 9*n. Suppose -2*h = 5*g - 83, -39 = -h - 6*g + n*g. What are the prime factors of h?
29
Suppose 0 = -3*i - 126 + 51. Let t = i + 56. List the prime factors of t.
31
Let m(f) = 2*f**3 + 5*f**2 + 2*f + 4. Let q be m(3). Let n = -65 + q. What are the prime factors of n?
2, 11
Let h = -46 + 46. Suppose h = u - 79 - 22. What are the prime factors of u?
101
Suppose 3*o - 52 = -4*d, 3*d + 17 = o + 4*d. Suppose 3*j = q - o, j - 4*j = q + 26. Let u(k) = -k**2 - 9*k - 8. List the prime factors of u(j).
2, 3
Suppose 5*q = -i + 15, 4*i = 3*i - q - 1. Let t be (i + 1)/(2/17). Let j = -23 - t. What are the prime factors of j?
11
Let o be (0 + 4)/(-1) + 7. Let g(b) = -b**3 + b**2 + 2*b + 2. Let n be g(o). Let c = 32 - n. What are the prime factors of c?
2, 3, 7
Let h = -4 + 9. Suppose -3*n - 2*n = -9*n. Suppose n = -h*q + 3*o + 165, -6*q - 5*o + 165 = -q. What are the prime factors of q?
3, 11
Let h(b) = -4*b + 4*b + 9 + 2*b - 3*b. Let g be h(7). Suppose -2*c + 22 = -g. What are the prime factors of c?
2, 3
Let s = -69 + 370. What are the prime factors of s?
7, 43
What are the prime factors of (-2)/(-10) - 5888/(-160)?
37
What are the prime factors of 67686/14 + 192/84 + -2?
5, 967
Let b(i) = i**3 - 8*i**2 + 12*i - 3. List the prime factors of b(11).
2, 3, 41
Let l = 19 + -20. Let o be 4 + (-2 + l - -2). What are the prime factors of o - (-27 - -4)/1?
2, 13
Let a(m) = -m**2 + 11*m - 5. Let u be a(10). What are the prime factors of -4 + u/1*4?
2
List the prime factors of (0 - 6/9) + (-7672)/(-24).
11, 29
Let c(x) = -2 + 0 + x**2 + 2*x - 4. List the prime factors of c(-4).
2
Let k = 1029 + -573. List the prime factors of k.
2, 3, 19
Let p = 34 - 35. What are the prime factors of p/5 + 16/5 + 157?
2, 5
Let l = 3 + -2. Let h(u) = 8*u**2 + 1 - 2*u + 6*u**2 + 13*u**3 - 13*u**2. What are the prime factors of h(l)?
13
Let g(v) = 8*v**2 + 6*v - 7. Let z be g(5). Suppose -4*x + z = 3*b, -3*b + 209 = 2*x - 12. List the prime factors of b.
73
Let s be (-8)/(-28) - 19/(-7). Let t be s + 1 + (-12 - -16). List the prime factors of t*(20/16 + -1).
2
Let x = -679 + 1061. List the prime factors of x.
2, 191
Let q = 27 + -17. Let d(f) = 2*f**2 - 17*f - 17. Let y be d(10). Suppose -9*m = -q*m + y. List the prime factors of m.
13
List the prime factors of (-2198)/28*6/(-9)*24.
2, 157
Suppose 35*i - 9*i = 23868. What are the prime factors of i?
2, 3, 17
Let p(n) = 2*n**2 - 4*n + 3. Let u be p(2). Suppose -u*w - 3 = -9. Suppose w*a - 95 = -3*a. List the prime factors of a.
19
Suppose -33*h + 24678 = 21*h. What are the prime factors of h?
457
Suppose 4*h + 33 = -2*j + 85, 0 = -3*h - 3*j + 42. Suppose -3*n + 4 = 2*l + n, h = 4*l + 4*n. List the prime factors of l.
2
Let u(b) = b**2 - 2*b + 14. Suppose 3*c = -2*y + 1 + 2, -2*y + 2*c - 2 = 0. List the prime factors of u(y).
2, 7
Suppose 2*x - x - 5 = 0, -2*p + 3*x + 2319 = 0. List the prime factors of p.
3, 389
Suppose 0 = -2*z - 4*j + 424, -550 = 5*z - 3*j - 1571. List the prime factors of z.
2, 103
Let u be ((-3)/3)/3 - 4/(-3). Suppose -5*w = 2*l - 572, -1 - u = -2*l. List the prime factors of w.
2, 3, 19
Suppose 0 = 4*l - 4*o - 5216, 3*l + l - 5207 = -5*o. List the prime factors of l.
1303
Let r be (2/3)/(22/(-759)). Let k = r - -91. List the prime factors of k.
2, 17
Let g(c) = -c**2 + 2 + 2*c**2 - 7*c + 8 - 5. What are the prime factors of g(19)?
233
Let k = -178 - -100. What are the prime factors of (k/(-15))/(7/105)?
2, 3, 13
Let p(x) = -2*x - 15. Let w(y) = 2*y + 16. Let s(j) = 7*p(j) + 6*w(j). Let o be s(-7). Suppose u = -2*g - 0*u + 12, 30 = 5*g - o*u. List the prime factors of g.
2, 3
Let x be (-2 - -7)/(-5) + 4. Suppose -14 + 104 = x*b. List the prime factors of b.
2, 3, 5
Suppose -106 - 4 = -2*k. Suppose 3*f - 5*f - 4*m = -8, 0 = -m - 3. Suppose 0 = -5*n + k - f. List the prime factors of n.
3
Let b = 44 - 21. Let i = -4 + 22. Suppose -i*h + b*h = 240. List the prime factors of h.
2, 3
Let t = 3 - 1. Let z(c) = 8*c**2 + 6*c + 1. Let j(g) = -23*g**2 - 17*g - 2. Let p(v) = -4*j(v) - 11*z(v). What are the prime factors of p(t)?
17
Let s = -10 - -12. Suppose -3*m + 550 = 2*k + 112, s*m + 8 = 0. What are the prime factors of (-12)/16 + k/12?
2, 3
Suppose -4*i + 4*c = 12, i - c - 17 = 5*i. Let p be i - (2 - 3 - -105). List the prime factors of (5/(-15))/(2/p).
2, 3
Suppose -3 + 51 = 8*x. Suppose -87 = -x*t + 177. What are the prime factors of t?
2, 11
Suppose -4*s = -5*y + 29 - 3, -18 = -y + 4*s. Suppose 0 = y*j + 4*v - 1 - 19, 0 = -3*v + 9. What are the prime factors of 54/j*32/24?
2, 3
Let t be (-1)/(2/(-6)) + 0/3. Suppose 4*w - 336 = -t*w. List the prime factors of w.
2, 3
Let a = 21 - 8. Let w = -16 + a. List the prime factors of w/((-3)/(-50)*-2).
5
Let a be (32/(-80))/(2/(-20)). Suppose -135 - 222 = -3*k + a*x, -448 = -4*k - 4*x. List the prime factors of k.
5, 23
Let p(x) = 17*x - 526. List the prime factors of p(44).
2, 3, 37
Let o be (-1)/(-2 - 58*(-18)/524). Suppose 0 = 2*t - 5 - o. What are the prime factors of t?
2, 17
Suppose 4*r - 2*r = 8. Suppose -r*z + 4*i + 6 = -2*z, 3*i = z - 3. Suppose 2*d + 0*d = -n + 34, z*d - 63 = -2*n. List the prime factors of n.
2, 3
Let c = -68 - -80. What are the prime factors of ((-2)/c*-2)/(22/330)?
5
Let z be (-2)/((-6)/39) - -1. Suppose -4*f - 5*b = 16, f + f 